9.
463
What is the remainder when 301018 is divided by 784?
746
Calculate the remainder when 415566 is divided by 169.
164
What is the remainder when 512257 is divided by 301?
256
Calculate the remainder when 6874805 is divided by 16646.
7
Calculate the remainder when 49306999 is divided by 4482452.
27
What is the remainder when 49462629 is divided by 67?
13
Calculate the remainder when 10408143 is divided by 20858.
1
What is the remainder when 185383 is divided by 61760?
103
What is the remainder when 725763 is divided by 474?
69
Calculate the remainder when 1898357 is divided by 219.
65
What is the remainder when 875267 is divided by 6027?
1352
Calculate the remainder when 5699405 is divided by 74018.
19
Calculate the remainder when 230687 is divided by 465.
47
What is the remainder when 493687 is divided by 896?
887
Calculate the remainder when 60639950 is divided by 16.
14
What is the remainder when 7018598 is divided by 3694?
3692
What is the remainder when 30535900 is divided by 45508?
32
What is the remainder when 152699 is divided by 38173?
7
Calculate the remainder when 39893922 is divided by 55.
2
What is the remainder when 75581 is divided by 32?
29
Calculate the remainder when 181239553 is divided by 21.
19
Calculate the remainder when 4497106 is divided by 95.
91
Calculate the remainder when 2248923 is divided by 266.
159
Calculate the remainder when 11759699 is divided by 1306632.
11
What is the remainder when 343074 is divided by 5?
4
What is the remainder when 59088316 is divided by 19696095?
31
Calculate the remainder when 1513603 is divided by 216216.
91
Calculate the remainder when 24711207 is divided by 8.
7
What is the remainder when 229481860 is divided by 859?
10
What is the remainder when 162272 is divided by 3017?
2371
What is the remainder when 1432890 is divided by 4932?
2610
What is the remainder when 310436 is divided by 166?
16
Calculate the remainder when 2430941 is divided by 173637.
23
What is the remainder when 2214513 is divided by 4178?
173
Calculate the remainder when 2215051 is divided by 1107343.
365
What is the remainder when 11460428 is divided by 769?
21
What is the remainder when 2847304 is divided by 5?
4
Calculate the remainder when 235921 is divided by 16849.
35
What is the remainder when 55604042 is divided by 1643?
1636
Calculate the remainder when 13458179 is divided by 3301.
2
What is the remainder when 1539236 is divided by 18?
2
Calculate the remainder when 23100 is divided by 21554.
1546
What is the remainder when 18211 is divided by 2834?
1207
Calculate the remainder when 1340597 is divided by 11458.
11
Calculate the remainder when 2927501 is divided by 4449.
59
Calculate the remainder when 5456018 is divided by 340997.
66
Calculate the remainder when 3225806 is divided by 198.
188
Calculate the remainder when 2885223 is divided by 27219.
9
Calculate the remainder when 554543815 is divided by 405.
400
What is the remainder when 27128 is divided by 2406?
662
Calculate the remainder when 169563 is divided by 84674.
215
Calculate the remainder when 51566 is divided by 2574.
86
What is the remainder when 123590 is divided by 1695?
1550
Calculate the remainder when 325195 is divided by 6675.
4795
What is the remainder when 223443 is divided by 36499?
4449
Calculate the remainder when 5488980 is divided by 686120.
20
What is the remainder when 1114849 is divided by 5930?
9
Calculate the remainder when 2616482 is divided by 22173.
68
What is the remainder when 1049182656 is divided by 27?
24
What is the remainder when 93777924 is divided by 48?
36
What is the remainder when 2948819 is divided by 490?
489
What is the remainder when 1662020 is divided by 830999?
22
Calculate the remainder when 332137 is divided by 66417.
52
Calculate the remainder when 75555 is divided by 47.
26
Calculate the remainder when 702687 is divided by 245.
27
What is the remainder when 5625230 is divided by 55?
50
What is the remainder when 35620 is divided by 17777?
66
Calculate the remainder when 1761564 is divided by 451.
409
What is the remainder when 71796995 is divided by 229?
228
What is the remainder when 51172 is divided by 12792?
4
What is the remainder when 4021175 is divided by 76?
15
What is the remainder when 398648 is divided by 759?
173
What is the remainder when 41085 is divided by 39304?
1781
Calculate the remainder when 5800340 is divided by 56866.
8
What is the remainder when 35292 is divided by 903?
75
Calculate the remainder when 1118360 is divided by 947.
900
What is the remainder when 12440 is divided by 3999?
443
What is the remainder when 48993 is divided by 1584?
1473
What is the remainder when 59199929 is divided by 4949?
4940
Calculate the remainder when 11021301 is divided by 19.
9
What is the remainder when 21769741 is divided by 76?
73
Calculate the remainder when 31369 is divided by 5291.
4914
What is the remainder when 48101711 is divided by 67?
66
What is the remainder when 181289 is divided by 5036?
5029
Calculate the remainder when 8548380 is divided by 51.
15
Calculate the remainder when 16269162 is divided by 40.
2
What is the remainder when 1049215 is divided by 1213?
1183
Calculate the remainder when 19121617 is divided by 196.
53
What is the remainder when 22740 is divided by 888?
540
What is the remainder when 739211 is divided by 73919?
21
What is the remainder when 150434365 is divided by 4424540?
5
What is the remainder when 4832243 is divided by 4832236?
7
Calculate the remainder when 132585634 is divided by 86375.
9
Calculate the remainder when 45103 is divided by 4149.
3613
Calculate the remainder when 2509295 is divided by 2509256.
39
What is the remainder when 117688 is divided by 14400?
2488
Calculate the remainder when 27731643 is divided by 448.
443
Calculate the remainder when 154591 is divided by 2090.
2021
Calculate the remainder when 35854 is divided by 16005.
3844
What is the remainder when 655911 is divided by 109312?
39
What is the remainder when 95358 is divided by 13600?
158
What is the remainder when 54203920 is divided by 1938?
1936
What is the remainder when 2526571 is divided by 631642?
3
Calculate the remainder when 686321 is divided by 871.
844
What is the remainder when 22528059 is divided by 278?
51
Calculate the remainder when 38127644 is divided by 3288.
3284
What is the remainder when 56755213 is divided by 28377577?
59
What is the remainder when 2417458 is divided by 1110?
988
What is the remainder when 143081 is divided by 56?
1
What is the remainder when 154778 is divided by 6446?
74
Calculate the remainder when 776723 is divided by 172.
143
What is the remainder when 1169582 is divided by 43265?
1427
What is the remainder when 1382004 is divided by 1381994?
10
What is the remainder when 6259070 is divided by 26?
12
Calculate the remainder when 508651 is divided by 101729.
6
What is the remainder when 12300746 is divided by 1637?
328
What is the remainder when 755163 is divided by 2221?
23
Calculate the remainder when 163506 is divided by 40674.
810
What is the remainder when 744113 is divided by 1104?
17
What is the remainder when 14555523 is divided by 1114?
1113
Calculate the remainder when 2360062 is divided by 7283.
370
What is the remainder when 67757 is divided by 9468?
1481
Calculate the remainder when 911013 is divided by 41.
34
Calculate the remainder when 4083920 is divided by 655.
650
Calculate the remainder when 190099 is divided by 216.
19
What is the remainder when 2001587 is divided by 250113?
683
What is the remainder when 18821352 is divided by 9410648?
56
Calculate the remainder when 103840818 is divided by 101705.
13
What is the remainder when 685060 is divided by 136966?
230
Calculate the remainder when 37367 is divided by 9302.
159
Calculate the remainder when 123559451 is divided by 4118648.
11
What is the remainder when 351112 is divided by 1891?
1277
What is the remainder when 14761 is divided by 4836?
253
What is the remainder when 39538776 is divided by 62?
12
Calculate the remainder when 66444 is divided by 3687.
78
What is the remainder when 22650671 is divided by 113?
47
What is the remainder when 8690550 is divided by 3250?
50
What is the remainder when 464306104 is divided by 5?
4
What is the remainder when 239